-17
In base 6, what is -205 + -2?
-211
In base 7, what is -12 - -14?
2
In base 8, what is -1 - 15254?
-15255
In base 8, what is -12616 - 6?
-12624
In base 10, what is -2 - 22?
-24
In base 6, what is 11 + 1305?
1320
In base 13, what is 34c7 + -4?
34c3
In base 9, what is 2 + -447?
-445
In base 6, what is -2 - 4?
-10
In base 4, what is 112212 + 10?
112222
In base 14, what is 98 - -4?
9c
In base 11, what is -1 + -64a?
-650
In base 3, what is -2 - 111?
-120
In base 11, what is -298 - -1?
-297
In base 15, what is -49 - -15?
-34
In base 6, what is 135 - 0?
135
In base 11, what is 86a - 1?
869
In base 13, what is 248 + 0?
248
In base 16, what is -1d8 - -1?
-1d7
In base 4, what is -10 - 30?
-100
In base 14, what is -2 - 9?
-b
In base 9, what is 4 - 220?
-215
In base 10, what is -1 - -51?
50
In base 5, what is -424 - 104?
-1033
In base 9, what is 111 - -4?
115
In base 8, what is 4 - 1156?
-1152
In base 12, what is 0 - -13?
13
In base 5, what is 4 + -201?
-142
In base 9, what is -132 + 2?
-130
In base 11, what is 2 - -193?
195
In base 2, what is 10100011101 - 101?
10100011000
In base 2, what is 10 + -1010011110?
-1010011100
In base 3, what is 22011 - 12?
21222
In base 6, what is 32 + 34?
110
In base 7, what is -6603 + -5?
-6611
In base 12, what is -14 + 31?
19
In base 8, what is 57 + -10?
47
In base 2, what is 1011000101 + 10?
1011000111
In base 7, what is -145 - -2?
-143
In base 11, what is 3 + 54?
57
In base 2, what is -1110 + -1011011011?
-1011101001
In base 3, what is -11222 + 1?
-11221
In base 4, what is -222 + -2331?
-3213
In base 10, what is 1030 - -1?
1031
In base 13, what is -224 + -17?
-23b
In base 15, what is -3 + 87?
84
In base 14, what is -5 - 1cc?
-1d3
In base 4, what is -32 - -312?
220
In base 15, what is 7 + e15?
e1c
In base 8, what is 77 - -13?
112
In base 4, what is 11 - -101?
112
In base 7, what is -201 - 5?
-206
In base 10, what is -4 + -25?
-29
In base 11, what is 2192 + -2?
2190
In base 16, what is 78 + 3?
7b
In base 11, what is 93 - 2?
91
In base 7, what is 406 - -53?
462
In base 5, what is 44 + -422?
-323
In base 5, what is -11 - 44?
-110
In base 14, what is -a - 1b?
-27
In base 9, what is -470 + 21?
-448
In base 9, what is 162 - 10?
152
In base 4, what is 3111 + 10?
3121
In base 7, what is 165 + 3?
201
In base 7, what is -23621 + 1?
-23620
In base 9, what is 1460 - 4?
1455
In base 11, what is -731 + -3?
-734
In base 12, what is 2 + -2?
0
In base 13, what is -4 + 12b?
127
In base 15, what is -29 - 0?
-29
In base 9, what is 171 + 4?
175
In base 16, what is ab7 - -2?
ab9
In base 3, what is 112 + 1110?
1222
In base 10, what is 5 + 163?
168
In base 12, what is -100 - -6?
-b6
In base 16, what is 0 - 1e?
-1e
In base 4, what is -31 + 103?
12
In base 13, what is -1ab + 6?
-1a5
In base 4, what is -23 - -20?
-3
In base 10, what is -131 + 0?
-131
In base 9, what is 5 + -1072?
-1066
In base 6, what is -52 - 35?
-131
In base 10, what is -10 - 11?
-21
In base 4, what is -1033 + 3?
-1030
In base 13, what is -159 - 16?
-172
In base 5, what is 103 - 4?
44
In base 9, what is 148 + 4?
153
In base 4, what is -3 - 2021?
-2030
In base 10, what is -2676 - 2?
-2678
In base 6, what is 1335 - -11?
1350
In base 12, what is -397 + -9?
-3a4
In base 5, what is -113 - -4?
-104
In base 9, what is 3 - -14?
17
In base 12, what is 314 - 3?
311
In base 16, what is -5 - -4c?
47
In base 10, what is -4 - -4419?
4415
In base 12, what is 182 + 5?
187
In base 15, what is -3d - -15?
-28
In base 11, what is -119 + -3?
-121
In base 11, what is 4 + -830?
-827
In base 2, what is -10 - -10011101000?
10011100110
In base 8, what is 2 + 41?
43
In base 14, what is -6 - 191?
-197
In base 14, what is 1b - -19?
36
In base 7, what is -416 - 0?
-416
In base 13, what is 2 - -5a3?
5a5
In base 10, what is -111 - -3?
-108
In base 16, what is -1 + -18e?
-18f
In base 8, what is 304 + 3?
307
In base 10, what is 3 - 84?
-81
In base 11, what is -182a - 1?
-1830
In base 14, what is -b4 + 4?
-b0
In base 13, what is c + -14c?
-140
In base 14, what is -97 + 13?
-84
In base 14, what is -752 + -1?
-753
In base 7, what is -16 + 1251?
1232
In base 6, what is 1 - 44?
-43
In base 16, what is -28d + 16?
-277
In base 14, what is 4 + 27?
2b
In base 8, what is 12 + -40?
-26
In base 6, what is 101 - 243?
-142
In base 9, what is 508 + 10?
518
In base 6, what is -510 - 2?
-512
In base 2, what is -111000010001 + 100?
-111000001101
In base 4, what is 13 - 11300?
-11221
In base 16, what is da4 - 2?
da2
In base 2, what is -10010100101 - -11?
-10010100010
In base 13, what is -12020 + 0?
-12020
In base 13, what is -1 + -17?
-18
In base 11, what is 26 + 5?
30
In base 4, what is -3131 - -2133?
-332
In base 3, what is 0 - -10110200?
10110200
In base 16, what is 0 + -aa?
-aa
In base 6, what is -304 + 12?
-252
In base 3, what is 11111 + -102?
11002
In base 9, what is 525 - -2?
527
In base 16, what is 3 - -88f?
892
In base 9, what is 3565 + 4?
3570
In base 7, what is -1 + 600?
566
In base 4, what is 11 - -3223?
3300
In base 14, what is -11 + 14?
3
In base 8, what is 2 + 1124?
1126
In base 6, what is -1213 + -4?
-1221
In base 4, what is 10 + 232?
302
In base 14, what is -2 + 67?
65
In base 2, what is -10001001 - 1011?
-10010100
In base 8, what is -143 - 0?
-143
In base 11, what is 3 - 1253?
-1250
In base 13, what is -5 + 0?
-5
In base 10, what is 2 - 425?
-423
In base 13, what is -15c - 3?
-162
In base 7, what is -13232 - 3?
-13235
In base 10, what is 3 - 958?
-955
In base 16, what is -19e9 + 3?
-19e6
In base 6, what is 44041 + -1?
44040
In base 7, what is 1036 + -5?
1031
In base 4, what is 3 - 321032?
-321023
In base 8, what is 0 + 516?
516
In base 2, what is -10010110000 + -100?
-10010110100
In base 8, what is -47 + -4?
-53
In base 10, what is 4 - 1520?
-1516
In base 14, what is -4 + -56?
-5a
In base 8, what is -1236 - -2?
-1234
In base 5, what is 10004 - -1?
10010
In base 15, what is 0 + 63?
63
In base 2, what is -1110111 - 0?
-1110111
In base 6, what is 130 - 144?
-14
In base 13, what is 1 + -150?
-14c
In base 13, what is -11 + 92?
81
In base 11, what is -808a + 3?
-8087
In base 7, what is -3 + 3544?
3541
In base 11, what is 0 - 12?
-12
In base 6, what is -21 + 100?
35
In base 7, what is -24 - 20?
-44
In base 7, what is -1 - -525?
524
In base 8, what is -10 + 11?
1
In base 8, what is -1427 + -2?
-1431
In base 13, what is -14 - 2c?
-43
In base 10, what is -11279 + -5?
-11284
In base 3, what is -211021010 - -11?
-211020222
In base 4, what is 2312 - -10?
2322
In base 16, what is -2b7 + -2?
-2b9
In base 16, what is -8 + -1?
-9
In base 5, what is -11 + -1241?
-1302
In base 7, what is 10224 + 3?
10230
In base 10, what is -874 - 5?
-879
In base 2, what is -10 + -1001100011010?
-1001100011100
In base 6, what is 51 - 12?
35
In base 15, what is -4560 + -2?
-4562
In base 12, what is -12 - 9?
-1b
In base 10, what is -912 - 4?
-916
In base 9, what is -34 + 5?
-28
In base 8, what is -232 - 10?
-242
In base 7, what is -50 - -3141?
3061
In base 14, what is 14a - 2?
148
In base 14, what is -1c0 - -4?
-1ba
In base 12, what is 6 + b?
15
In base 14, what is 5b - 0?
5b
In base 4, what is 30 - -333?
1023
In base 12, what is -146 + 3?
-143
In base 15, what is -216 + -4?
-21a
In base 6, what is 5 + -400?
-351
In base 8, what is 6 - -21?
27
In base 14, what is 1 + 145?
146
In base 12, what is -3 + 27?
24
In base 6, what is -51 - -10?
-41
In base 5, what is -3024 - -10?
-3014
In base 8, what is 0 + 42?
42
In base 16, what is 2 - -318?
31a
In base 4, what is -3211133 + 0?
-3211133
In base 15, what is -3 + -9b?
-9e
In base 7, what is 4 + -36?
-32
In base 15, what is -2 + -59?
-5b
In base 14, what is 3a15 - -4?
3a19
In base 12, what is 2a8 + -2?
2a6
In base 13, what is -a - 64?
-71
In base 9, what is -4 - 84?
-88
In base 6, what is 4532 + -5?
4523
In base 8, what is 654 + 0?
654
In base 7, what is 3 + 1041?
1044
In base 7, what is -332 + 1?
-331
In base 2, what is -110111 + -10?
-111001
In base 9, what is -4 + 114?
110
In base 7, what is -33 - 5?
-41
In base 9, what is 6511 + 3?
6514
In base 13, what is 3 + -20?
-1a
In base 2, what is 1100 + 10001?
11101
In base 5, what is 103423 + 3?
103431
In base 13, what is -4 + -1?
-5
In base 8, what is -351 - -4?
-345
In base 13, what is -202 + 5?
-1ca
In base 7, what is 5 + -1?
4
In base 15, what is -90 